o?
41
Let v(d) = 21*d**2 + 18*d + 54. Let z be v(-8). Calculate the highest common factor of 114 and z.
114
Let b(k) = 2*k + 9. Let v be b(-4). Let a be (v*10/4)/((-14)/(-196)). What is the greatest common factor of 5 and a?
5
Suppose -1 = -g - 0*g. Let o be (-11)/11 - (-2)/g. Let i be 1 + (1 - o - -1). Calculate the greatest common factor of 6 and i.
2
Suppose -94 = -5*l + 11. Let o = 410 - 156. Suppose -n - 258 = -2*y + 2*n, -n - o = -2*y. Calculate the greatest common factor of y and l.
21
Suppose -2 + 77 = -15*v. Let x be v - (-10 - 10/5). What is the greatest common factor of 21 and x?
7
Let d(r) = 5*r + 12. Let u be d(2). Let y be 1 - 4 - 1*-19. Let f be (-703)/(-4) + 4/y. Calculate the greatest common factor of u and f.
22
Let u(l) = l**2. Let q be u(-5). Suppose 0 = -3*t - t - 8. Let s(z) = -34*z + 7. Let b be s(t). Calculate the greatest common divisor of b and q.
25
Let l be (6/(-4))/((-12)/(-160)*-2). What is the highest common factor of 40 and l?
10
Suppose -17*d = -24*d + 1274. Calculate the greatest common factor of d and 14.
14
Let g(f) = f**2 + 28*f + 2. Let c be g(-28). Suppose y + 7 = c, 2*h - y - 29 = 0. What is the greatest common divisor of 18 and h?
6
Suppose -2*m - m = -756. Let j(t) = -34*t + 470. Let w be j(13). Calculate the highest common factor of m and w.
28
Let a be (-6)/(-3) + (0 - (1 - 3)). Suppose -3*t - 147 = -4*y + 68, a*y - 4*t = 220. Let x be (-1 + 2)/(2/40). What is the greatest common divisor of y and x?
10
Suppose 6*s - 157 = 173. Calculate the greatest common factor of s and 10.
5
Let a be (1 - -4) + 9 + -10. Suppose 3*z - 32 = -a*n + 9*n, 2*n + 4 = -z. Let y(x) = x**2 - 1. Let l be y(z). Calculate the greatest common divisor of 75 and l.
15
Let d be 31*1 + (2 - 1). Let k = 84 + -69. Let y = d - k. What is the greatest common divisor of 85 and y?
17
Let v be 1/(-3*(-4)/24). Let x(y) = 8*y - 5. Let g be x(v). Let h = g - 5. Calculate the highest common factor of 9 and h.
3
Let p be (-22)/(-143) - (-4)/(-26). Suppose 2*s - 6*s + 44 = p. Suppose 33 = -t + 4*t. What is the highest common divisor of t and s?
11
Suppose 0 = l - 4. Let c(o) = -o**3 + o - 1. Let w be c(-2). Let n = 23 + w. What is the greatest common divisor of l and n?
4
Let v = 83 + -79. Suppose 0 = v*l - 4*y - 60, -4*l = -2*y - 34 - 32. Calculate the greatest common factor of 72 and l.
18
Suppose 53*q = -27*q + 320. Calculate the highest common factor of 1 and q.
1
Let f(q) = 3*q - 2. Let z(b) = b**2 - 15*b. Let h be z(14). Let k be 4/h - 360/(-84). Let v be f(k). Calculate the highest common divisor of 2 and v.
2
Let a = -846 + 860. What is the highest common factor of 14 and a?
14
Let g be ((-40)/16 - (-6)/4)*-3. Suppose -g*m + 289 = -26. What is the highest common divisor of 42 and m?
21
Let t(o) = 29*o + 438. Let v be t(-12). Calculate the highest common divisor of v and 72.
18
Let l(b) = 15*b + 9. Let i = 58 - 55. Let a be l(i). Calculate the greatest common factor of 6 and a.
6
Let o = -135 + 202. Let g = 70 - o. What is the highest common factor of g and 1?
1
Suppose -63 = -5*v + 3*d, -3*v + d = -3*d - 40. Suppose 0 = -7*m + 5*m + 96. Let j be ((-2)/12*-3)/(2/m). What is the greatest common divisor of v and j?
12
Let h = -190 + 200. Calculate the highest common factor of 70 and h.
10
Let b(t) = t**2 + t + 7. Let p be b(-20). What is the highest common factor of 9 and p?
9
Let m = -39 - -53. Calculate the highest common divisor of 112 and m.
14
Suppose 6*l - 575 = l. Suppose 3*n + 2*i - 207 + 82 = 0, 2*n = 5*i + l. Calculate the highest common factor of n and 9.
9
Let k(x) = x**3 + 8*x**2 - 15*x - 93. Let q be k(-8). What is the highest common divisor of 927 and q?
9
Let t(i) = -i**3 + 3*i**2 + 2*i + 6. Let q be t(3). Let o = -577 + 877. Calculate the greatest common factor of q and o.
12
Let a(t) = 39*t + 27. Let x be a(0). What is the highest common divisor of x and 27?
27
Suppose -2*f - 7*h + 3*h + 856 = 0, -5*f + h = -2162. Calculate the highest common divisor of f and 63.
9
Suppose 0 = 18*c + 31 - 13. Let q(r) = -1 - 92*r + 31*r - 93*r. Let w be q(c). Calculate the highest common factor of 17 and w.
17
Suppose 45 = 4*y + 29. Suppose -50 = y*b - 230. What is the highest common factor of b and 90?
45
Let f = -7 - -11. Let l = 28 - -11. Suppose 2*i + l = -0*u + 5*u, 5*u = -f*i + 57. Calculate the highest common factor of u and 9.
9
Let o(r) = 5*r + 10*r + 10*r - 3*r + 12. Let v be o(6). Calculate the highest common divisor of v and 16.
16
Let i(b) = b**2 + 5*b + 2. Let m be i(-6). Let y = -5 + m. Suppose -y*h + 5*h = 10. What is the highest common divisor of 20 and h?
5
Suppose -12 = -3*w, 0 = -7*y + 2*y - w + 44. Suppose -t + 56 = -2*x, 3*t - y*x - 170 = -3*x. What is the greatest common divisor of t and 45?
15
Let h be (3 + 0)*(-28)/(-12). Suppose -3*v = -h*v + 80. Let f be (544/(-72) + 7)*-18. What is the highest common divisor of f and v?
10
Suppose 5*p - 27 = 2*p. Suppose p = -6*u + 9*u. Let w be 158/2 + (-12)/u. Calculate the highest common divisor of w and 30.
15
Suppose -2*q = 4*o + 6, -3 = -2*o + q + 4. Let t(b) = -b**3 - 2*b**2 - 2*b - 3. Let r be t(-2). Calculate the greatest common divisor of r and o.
1
Let l = -284 - -287. What is the highest common factor of l and 3?
3
Let y be -3*(-4)/102 + (-814)/(-17). Calculate the highest common divisor of y and 156.
12
Suppose 0 = c - b - 10, -b + 1 = 2*c - 19. Suppose 3*w - 3 = 6. Suppose 5*o - w*k = 44, -4*o - 2*k + 46 = k. Calculate the greatest common divisor of o and c.
10
Let z = -27 - 40. Let b be 5/(-30) - z/6. Let a(y) = -y**3 + 10*y**2 + 10*y + 13. Let j be a(b). Calculate the greatest common divisor of j and 2.
2
Suppose -2*i = 12 - 22. Suppose 2*h - 160 = i*r, -h - 5*r = 2*h - 240. Let b = h + -36. What is the highest common divisor of 4 and b?
4
Let m = -42 - -42. Suppose m = -9*h - 321 + 1077. Calculate the greatest common divisor of h and 12.
12
Let t(f) = f**3 - 12*f**2 + 11*f + 3. Let l be t(11). Suppose 1 = -2*r - l, -4 = 3*o + 5*r. Let k = -5 + 8. Calculate the greatest common factor of k and o.
1
Let s = 177 - -76. What is the highest common divisor of 23 and s?
23
Suppose -3*i - 6 = 5*w + 12, 4*w + 2*i + 16 = 0. Let y(u) = 2*u**2 + 8*u. Let j be y(w). Suppose 2*b + j = 5*b. Calculate the highest common factor of b and 32.
8
Let p = 19 - -5. Let d(m) = m**3 - m**2 + 6. Let v be d(0). What is the highest common factor of p and v?
6
Suppose -2*b = b + r - 12, -5*r - 5 = 2*b. Suppose -3*j = -b*x - 170, -4*x + 250 = 4*j + x. Calculate the highest common divisor of j and 12.
12
Let q be (-6)/(-4)*(-2 + 0). Let p be q*8/12 - -5. Suppose p*j - 73 = -a + 4*j, 2*a - 142 = -2*j. What is the highest common divisor of 18 and a?
18
Suppose -28*m + 31*m - 2520 = 0. What is the greatest common factor of m and 24?
24
Let g = -47 + 183. Suppose -3*f - 100 = 2*f. Let d = 37 + f. Calculate the highest common factor of g and d.
17
Let w = 43 + -31. Suppose -24 = 131*q - 135*q. Suppose -9 - q = 3*o, -202 = -2*x + 2*o. Calculate the greatest common divisor of w and x.
12
Let d(x) = -5*x - 5. Let h be d(-2). Suppose h*g - 5*n = -102 - 103, -2*n - 198 = 5*g. Let i be g/15*(0 - 6). What is the highest common divisor of 144 and i?
16
Suppose -7*o = 500 - 1452. What is the highest common factor of 16 and o?
8
Let b = 215 + -83. What is the greatest common factor of 99 and b?
33
Suppose 4*k + 13 = 3*p, -p = -5*k + 8 + 6. What is the greatest common divisor of 99 and p?
11
Let r be 1/(5/(-60)*-4). Suppose -r*c + 13 = -4*p, c - 3*p - 8 = -c. What is the greatest common divisor of c and 56?
7
Suppose -b - 5*x = -8, -2*x - 4 = -3*b + 3. Suppose q = 3*l + 10, b*q - 5*l + 6*l - 20 = 0. What is the highest common divisor of 63 and q?
7
Let u(s) = s**2 + 4*s + 1. Let n be u(-4). Suppose -3*m = -2*m. Let z = n - m. What is the greatest common factor of 1 and z?
1
Suppose -24*q + 240 = -16*q. Calculate the greatest common factor of q and 10.
10
Let s(g) = g - 11. Let h be s(0). Let d be 2/10 + 7 + 395/25. Let m = d + h. What is the highest common factor of m and 84?
12
Let b be (-3344)/(-96) - 1/(-6). Let t = b - 2. What is the highest common divisor of t and 264?
33
Let f = 64 + -41. Suppose 2*z = 25 + f. What is the greatest common divisor of z and 16?
8
Let r = 24 + -23. Suppose -2*j = r - 